) = -i**3 - 351*i**2 - 955*i + 268144. Determine u(-346).
-6
Let q(x) = -x**3 + 20*x**2 + 5770*x - 58711. Calculate q(10).
-11
Let q(m) = -m**3 - 34*m**2 + 7*m - 2551. Give q(-36).
-211
Let y(t) = -82*t**3 - 2*t**2 - t + 10. Determine y(2).
-656
Let s(j) = -3*j**2 + 139*j - 900. Calculate s(7).
-74
Let s(m) = -2*m**3 - 422*m**2 - 16737*m - 31967. What is s(-159)?
-8
Let d(h) = 1605*h + 308132. What is d(-192)?
-28
Let j(s) = -3316*s**2 + 6688*s - 129. What is j(2)?
-17
Let g(c) = -17*c**2 - 2952*c + 1029. Determine g(-174).
-15
Let f(t) = 2116*t - 334320. Give f(158).
8
Let h(z) = -119*z + 9960. Give h(85).
-155
Let j(y) = 39*y**3 + y**2 - 128*y - 386. Calculate j(-3).
-1046
Let o(i) = 3254*i + 48255. Give o(-15).
-555
Let o(c) = 1155*c**2 + 16214*c - 10. Calculate o(-14).
-626
Let g(b) = -23*b + 3488. Determine g(-15).
3833
Let o(s) = -2*s**2 - 82*s + 2237. Determine o(19).
-43
Let d(g) = -g**2 + 2430*g + 255626. Determine d(-101).
-5
Let g(r) = -858*r - 8265. Calculate g(-11).
1173
Let k(w) = -440*w**3 - 77*w**2 - 73*w - 4. Calculate k(-1).
432
Let y(g) = g**3 + 54*g**2 - 34*g + 504. Determine y(-55).
-651
Let v(g) = g**3 + 26*g**2 + 5*g + 89. Calculate v(-26).
-41
Let v(i) = 23*i**2 + 163*i + 19. What is v(-6)?
-131
Let b(f) = -3*f**3 + 34*f**2 + 6616*f - 72898. Give b(11).
-1
Let a(v) = 195084*v + 780327. Give a(-4).
-9
Let c(v) = 22408*v + 560272. Determine c(-25).
72
Let r(v) = -1845*v + 11497. Determine r(7).
-1418
Let s(c) = 325*c + 20670. What is s(-42)?
7020
Let z(g) = -g**3 + 11*g**2 + 200*g - 1483. What is z(6)?
-103
Let q(m) = -2*m**2 + 162*m - 2646. Determine q(68).
-878
Let p(u) = -318*u - 142. Give p(3).
-1096
Let q(w) = -w**2 - 1900*w - 33545. Give q(-18).
331
Let q(h) = 41224*h + 2844425. What is q(-69)?
-31
Let k(y) = 3492*y - 10482. Determine k(3).
-6
Let l(q) = q**2 - 576*q + 75343. What is l(375)?
-32
Let x(l) = 3*l**3 + 1144*l**2 - 3060*l + 4600. Calculate x(-384).
-8
Let v(w) = w**3 + 13*w**2 - 126*w - 1253. Determine v(-16).
-5
Let y(i) = -2455*i - 633387. Calculate y(-258).
3
Let s(w) = -24*w**2 - 135*w + 651. Calculate s(0).
651
Let z(o) = 374*o**2 + 1807*o + 1. What is z(-5)?
316
Let b(i) = 122*i - 7840. What is b(67)?
334
Let j(r) = -14*r**2 + 1035*r + 27902. Determine j(-21).
-7
Let r(s) = 12*s**2 + 848*s + 8530. Give r(-12).
82
Let j(o) = -5*o**2 - 496*o + 854. Determine j(-103).
-1103
Let u(p) = -p**2 - 4267*p + 235311. What is u(55)?
-2399
Let l(g) = 10*g**2 - 1869*g + 63735. Determine l(142).
-23
Let o(l) = 5803*l - 4491514. Determine o(774).
8
Let y(j) = 39*j**2 + 9343*j - 4079. Give y(-240).
1
Let l(z) = z**2 + 38*z - 2478. What is l(-53)?
-1683
Let z(g) = 116*g**3 - 4*g**2 + 19*g + 41. Give z(-2).
-941
Let a(n) = -n**3 - 109*n**2 + 14900*n + 58713. What is a(-187)?
-5
Let s(t) = -1249*t + 103656. Give s(83).
-11
Let q(m) = 3*m**2 + 2992*m + 591876. What is q(-272)?
4
Let o(r) = -r**3 - 42*r**2 + 16*r + 597. Determine o(0).
597
Let u(o) = 2*o**2 - 8*o + 372. Determine u(21).
1086
Let k(g) = -148*g - 31433. Give k(-213).
91
Let h(p) = -5287*p + 131689. Calculate h(25).
-486
Let n(v) = -v**3 + 286*v**2 - 1692*v + 3355. Give n(280).
-5
Let p(g) = 343*g + 98792. Determine p(-289).
-335
Let d(c) = 27*c**2 - 5*c - 56. What is d(-5)?
644
Let n(u) = -3*u**3 + 162*u**2 - 78*u + 6. Give n(0).
6
Let c(m) = 150*m + 16225. Give c(-109).
-125
Let z(q) = 295*q**2 - 8541*q - 49. Give z(29).
357
Let g(f) = f**3 + 512*f**2 + 9344*f - 11329. What is g(-493)?
10
Let q(o) = o**3 + 7*o**2 - 62*o - 272. What is q(-5)?
88
Let v(q) = -102*q - 10622. Calculate v(-112).
802
Let l(z) = -71*z**2 - 22*z - 11. Calculate l(-2).
-251
Let j(t) = -3667*t - 11332. Calculate j(-3).
-331
Let m(h) = -135*h**3 - h**2 + 14*h + 10. Determine m(3).
-3602
Let y(i) = 121974*i - 975797. Determine y(8).
-5
Let y(f) = 3*f**3 + 20*f**2 + 73*f + 360. Give y(-6).
-6
Let o(d) = -d**3 - 200*d**2 - 233*d - 46596. What is o(-200)?
4
Let c(n) = n**2 + 1277*n + 178715. What is c(-160)?
-5
Let f(c) = -171153*c + 171145. Calculate f(1).
-8
Let t(i) = -1989269*i + 11935623. What is t(6)?
9
Let r(w) = -863*w**2 + 2612*w - 61. Calculate r(3).
8
Let i(b) = -9767*b + 264214. Give i(27).
505
Let w(q) = q**3 + 7*q**2 - 936*q + 5268. Calculate w(6).
120
Let z(a) = -15*a**3 + 33*a**2 + 310*a - 1226. What is z(4)?
-418
Let n(z) = -11*z**3 + z**2 + 693*z + 4130. What is n(-6)?
2384
Let o(g) = -3*g**2 - 442*g + 10740. Calculate o(25).
-2185
Let o(d) = -510*d - 5991. Calculate o(-16).
2169
Let p(i) = -177586*i + 1775826. Give p(10).
-34
Let s(o) = -770*o**2 + 1477*o + 114. Determine s(2).
-12
Let n(g) = -16*g**2 + 311*g + 6749. What is n(-13)?
2
Let x(r) = -5*r**3 + 75*r**2 - r + 625. Determine x(16).
-671
Let t(c) = 8*c**2 - 1610*c + 6729. Calculate t(197).
31
Let l(u) = 2*u**3 + 23*u**2 + 18*u - 198. Calculate l(-10).
-78
Let a(l) = 25*l**3 - 4*l**2 - 288*l + 291. Give a(1).
24
Let h(s) = -2*s**2 + 14863*s - 178072. Determine h(12).
-4
Let k(q) = -86*q**2 - 651*q - 450. Give k(0).
-450
Let r(m) = -82*m**3 - 2155*m**2 - 4302*m + 18. Calculate r(-2).
658
Let o(b) = 4*b**3 - 187*b**2 + 1544*b + 151. What is o(36)?
7
Let g(z) = -z**2 + 32*z + 5895. What is g(-63)?
-90
Let k(i) = i**3 + 73*i**2 - 745*i - 25. Calculate k(9).
-88
Let m(u) = -5*u**2 + 8753*u - 906921. Give m(1640).
-1
Let z(b) = 134*b + 4602. Determine z(-20).
1922
Let t(u) = 29*u**3 + 1249*u**2 + 80*u - 221. Determine t(-43).
37
Let u(y) = 14*y**2 - 46217*y + 231061. Determine u(5).
326
Let d(x) = -11*x**3 + 163*x**2 - 37*x + 988. Give d(15).
-17
Let k(b) = -b**3 + 8*b**2 + 81*b + 50. Calculate k(13).
258
Let g(i) = 2*i**2 + 327*i + 4287. Give g(-13).
374
Let c(s) = -1224*s + 524. Determine c(-1).
1748
Let o(r) = -r**3 + 55*r**2 + 37*r - 514. Give o(55).
1521
Let i(d) = -476845*d - 1907376. What is i(-4)?
4
Let s(x) = -2*x**3 - 252*x**2 - 247*x + 324. Determine s(-125).
-51
Let s(p) = 8*p**3 - 2*p**2 - 9245*p + 9246. Give s(1).
7
Let y(h) = -122*h**3 - 2569*h**2 - 45*h - 39. Calculate y(-21).
-2181
Let w(u) = -u - 6057. Give w(-190).
-5867
Let u(d) = -28*d**2 - 458*d - 506. Give u(-17).
-812
Let r(j) = j**2 + 1402*j - 78692. Determine r(54).
-68
Let r(j) = 560*j + 40871. Calculate r(-73).
-9
Let o(d) = -d**3 - 34*d**2 + 522*d + 17050. Give o(-35).
5
Let y(b) = -5*b**3 - 260*b**2 - 1847*b - 96031. Calculate y(-52).
13
Let b(v) = v**3 - 31*v**2 + 27*v + 75. Determine b(30).
-15
Let g(c) = 3*c**2 + 2244*c - 524517. Give g(-935).
18
Let y(c) = -24*c**3 - 841*c**2 - 47*c - 77. Calculate y(-35).
343
Let l(d) = d**3 + 11*d**2 - 136*d - 1492. What is l(-12)?
-4
Let q(l) = -l**2 - 109*l + 3298. Give q(-133).
106
Let l(x) = 11*x**2 + 1223*x - 8846. Determine l(-118).
4
Let k(y) = -2*y**3 - 217*y**2 + 5689*y - 25896. Give k(6).
-6
Let k(f) = -21*f**2 + 163112*f - 326139. Give k(2).
1
Let o(r) = 5*r**2 + 19*r - 4116. Give o(-32).
396
Let w(k) = -513*k**3 + 14*k**2 + 10*k - 3. Give w(-1).
514
Let i(v) = -236*v**2 + 5285*v + 3288. Calculate i(23).
-1
Let d(y) = -96494*y + 3570284. Give d(37).
6
Let d(q) = 4165*q - 8592. Give d(2).
-262
Let j(p) = 13455*p + 1695274. Calculate j(-126).
-56
Let r(c) = -478*c**2 - 233*c - 1. Determine r(-1).
-246
Let y(c) = -7*c**2 - 186*c - 386. What is y(-2)?
-42
Let s(r) = 35668*r - 535015. Determine s(15).
5
Let w(z) = -39*z + 124. Give w(0).
124
Let g(y) = y**2 - 1190*y - 8388. Calculate g(-7).
-9
Let c(f) = -637*f - 1016. What is c(-2)?
258
Let t(c) = c**3 - 24*c**2 - 2140*c + 4426. Calculate t(59).
1
Let u(l) = 6835*l + 102509. What is u(-15)?
-16
Let n(k) = -16*k**3 + 210*k**2 - 333*k - 453. Determine n(11).
-2
Let g(c) = -24*c**3 - 444*c**2 - 202*c + 189. Determine g(-18).
-63
Let d(g) = -39*g**3 - 1207*g**2 + 111*g + 1521. Calculate d(-31).
2
Let d(p) = p**3 + 2*p**2 + 1054*p + 15572. Calculate d(-13).
11
Let m(f) = -957*f**3 - 5*f**2 - 20*f + 24. What is m(1)?
-958
Let p(v) = v**2 - 1512*v - 9196. Determine p(-6).
-88
Let z(i) = -8*i**2 - 370*i - 4217. Give z(-26).
-5
Let y(x) = 378*x + 1254. Calculate y(-10).
-2526
Let d(w) = -25*w**3 - 11*w**2 + 57*w - 85. What is d(5)?
-3200
Let m(j) = 22*j - 1529. Calculate m(48).
-473
Let m(x) = -954*x - 4767. Give m(-5).
3
Let m(g) = 1547*g + 88144. Calculate m(-57).
-35
Let l(x) = 2*x**3 - 52*x**2 + 235*x + 210. Give l(7).
-7
Let c(z) = -z**2 + 